1?
11
Let r be 13*(2 - (0 + 3) - -2). Calculate the highest common divisor of 13 and r.
13
Let y(s) = 2*s + 5. Let r be y(5). Suppose 0 = -5*v + 3*u + 240, 0*u = -2*u - 10. What is the greatest common divisor of r and v?
15
Let c = 50 + -26. Suppose -1 + 9 = 2*l. Suppose 4*p + 248 = 4*f, 0 = -l*f - 0*f - 4*p + 232. What is the highest common divisor of f and c?
12
Let f(g) = -3*g**3 - 2*g**2 + g. Let k be f(1). Let t be (3 + 11)*k/(-14). Calculate the highest common divisor of t and 28.
4
Let n be 1 - 0 - (-169 + 1). Suppose -5*t + n = 64. Calculate the highest common divisor of t and 3.
3
Suppose -7*i - 122 = -1067. Calculate the highest common divisor of i and 27.
27
Let y(c) = 14*c + 2. Let k be y(3). Let z = k - -176. Calculate the highest common divisor of z and 20.
20
Suppose 5*v + 2*n = 55, -5*v + n + 90 = -4*n. Let i(x) = -x + 6. Let a be i(6). Let m be (13 - a)/(2/4). What is the highest common divisor of v and m?
13
Let c(i) = i**2 - 5*i + 3. Let z(h) = -h**2 - h + 18. Let k be z(0). Let x be 48/k*(-9)/(-4). Let l be c(x). Calculate the greatest common factor of 18 and l.
9
Suppose 15 = 3*u, 2*u + 13 = -j + 6*u. Calculate the greatest common divisor of j and 35.
7
Let h(m) = 11*m - 2*m + 13*m + 2 - 12. Let g be h(7). What is the greatest common factor of g and 16?
16
Let o = -68 + 113. Suppose 1 - 3 = -r. Let j = r - -3. What is the highest common factor of j and o?
5
Let y = -13 + 134. Suppose 0*d + 5*d = 205. Suppose -6*t + 25 + d = 0. Calculate the highest common divisor of y and t.
11
Let j(q) = 7*q**3 - 1. Let k be j(1). Suppose o + 150 = 6*o. Calculate the highest common factor of k and o.
6
Suppose 0 = 5*g - 15, 4*u - 5*g + 2 = 7. Suppose u*k + 2 = 6*k. Calculate the greatest common factor of k and 8.
2
Let r(g) = 2*g**2 - 6*g + 14. Let q be r(2). Calculate the greatest common factor of q and 50.
10
Let p = -15 - -15. Suppose 4*q - 324 = -2*x, p*x + 5*x = -2*q + 170. Let i(y) = -y**2 + 9*y - 2. Let a be i(6). What is the highest common factor of a and q?
16
Let y be (-2)/11 + (-2 - 290/(-22)). Calculate the highest common factor of 88 and y.
11
Suppose -x + 97 = 4*d - 6*x, d + 3*x - 3 = 0. Let g = 28 - d. Suppose -68 = 3*p - 4*p - u, p - 80 = 5*u. Calculate the greatest common factor of p and g.
10
Let i be 0 + 1 - -10*9. Suppose 3*b = -2*b - 5*m + 140, -28 = -b - 2*m. Let c = -15 + b. What is the highest common divisor of i and c?
13
Let v(o) = -o**3 - 3*o**2 + o + 4. Let g be v(-3). Let q = 9 - 4. Suppose 0 = -5*u + q. Calculate the highest common factor of u and g.
1
Let b be 76/18 - 6/27. Suppose 0*s - 17 = -s + 4*w, -3 = -3*s - 4*w. Suppose -49 = -x - s. What is the greatest common divisor of x and b?
4
Let p be (-1)/2 - 9/(-6). Let s = p + -1. Suppose -m - m + 20 = s. Calculate the highest common factor of 10 and m.
10
Suppose -5*d - 3*c + 47 = 0, 2*d - 23 = 2*c + c. Suppose 4*v - 164 = 4*i, 0 = 3*v + 4*i - 0 - 116. Calculate the highest common divisor of v and d.
10
Let r = 228 + -143. Suppose -2*p + 0*p - 3*q = -53, 4*p - q - r = 0. Calculate the highest common divisor of 88 and p.
22
Suppose 5*r - 19 = 1. Calculate the highest common factor of 28 and r.
4
Let l = 360 - 207. What is the greatest common divisor of l and 9?
9
Suppose -t = 5*k - 65, 2*t - 16 = -3*k + 23. Suppose -2*l + 32 = -2*v, 4*v + 2 - 3 = -l. Calculate the highest common factor of k and l.
13
Let q = 453 + -271. What is the greatest common divisor of 14 and q?
14
Let a be 1 - (-4 - (-4 + 15)). What is the highest common factor of a and 32?
16
Let q be -5*((-112)/20 - -3). Calculate the highest common factor of 13 and q.
13
Let h = -181 - -231. Calculate the highest common factor of h and 10.
10
Suppose -1 - 1 = o. Let l be 110/9 + o/9. Suppose -5*q + 30 = 2*s - l, -44 = -5*q - 4*s. Calculate the highest common divisor of 8 and q.
8
Let x = 10 + -8. Suppose 4*t + 0*z + x*z = 154, 5*t - 3*z - 209 = 0. Suppose 3*p - 1 - 29 = 0. Calculate the highest common factor of t and p.
10
Let y(q) = 4*q + 6*q + 2*q. Let u be y(5). Calculate the greatest common factor of u and 24.
12
Let h be 4/10 + (-118)/(-5). Suppose 0*n - 3*o + 23 = 2*n, -2*n + 4*o + 44 = 0. Calculate the greatest common divisor of h and n.
8
Suppose -2*b = -3*x - 28, -2*b = -2*x - 4 - 24. Calculate the greatest common factor of 56 and b.
14
Let a be ((-316)/(-13))/2 + (-18)/117. What is the greatest common divisor of a and 96?
12
Let n be (2/3)/(3030/432 - 7). Let l(q) = q + 32. Let s be l(0). Calculate the greatest common factor of n and s.
16
Suppose 2*k + 1 = 3*k. Let c(i) = 0*i + i**2 - k - i + 2. Let g be c(0). What is the greatest common divisor of g and 4?
1
Let l be (6/(-8))/((-8)/32). Suppose 3*k + v = 86, -l*k + 3*v = -v - 61. Calculate the highest common factor of 18 and k.
9
Let g(u) = 8*u**2 + 6*u - 9. Let n be g(3). What is the highest common factor of n and 9?
9
Let a = 47 - 33. Let q = -5 + a. Calculate the greatest common factor of 9 and q.
9
Let a be (12/(-20) - -3)/((-6)/(-40)). Calculate the highest common factor of 8 and a.
8
Suppose -2*g - 4 + 20 = 0. Calculate the highest common factor of 56 and g.
8
Suppose 5*y - 5 = -o + 2, 4*y - 60 = -4*o. What is the highest common divisor of 68 and o?
17
Suppose -h + 4*l = 3, 5*l - 35 = -h - 4*h. What is the highest common factor of 5 and h?
5
Let q(t) = -t**3 - 2*t**2 + 3*t - 4. Let a be q(-5). Suppose -12 + 31 = w. Suppose v - w = -5. What is the greatest common divisor of v and a?
14
Let j = -6 + 9. Suppose 3*o - 2 = 4*d - 1, -5*d + 10 = 0. Suppose -i = -3*y - 2 - 4, 5*y - 4 = -o*i. What is the highest common factor of i and j?
3
Let b(q) = q + 1. Let a(h) = -h**3 - 4*h**2 - h - 3. Let t(l) = -a(l) - b(l). Let k be t(-3). Let w = k - 8. What is the highest common divisor of 27 and w?
3
Suppose -3*v + 14 = -v. Let c(u) = -u + 7. Let w be c(0). What is the greatest common factor of w and v?
7
Let a(m) = m**3 + 11*m**2 + 5*m - 8. Let r be a(-10). What is the highest common factor of 18 and r?
6
Let h(p) = -p**3 - 6*p**2 + 7*p - 3. Let w be h(-7). Let r be -3*(4/w)/2. Calculate the greatest common factor of r and 1.
1
Let y = -3 - -21. Suppose 4*k + s - 3*s - 60 = 0, y = k + s. Suppose 10 = -3*z + 5*z, -4*i + 4*z = -k. What is the greatest common divisor of 63 and i?
9
Let i be 3/(-2) + 44/8. Suppose -i*a = -7*a + 66. What is the highest common factor of a and 44?
22
Let b(c) = 11*c - 3. Let k be b(3). Suppose -3*m = -k - 18. Calculate the greatest common divisor of m and 8.
8
Suppose 0 = n - 4*u - 8, 0 = -n + 2*u - 2 - 0. Let m = n + 25. Calculate the greatest common factor of m and 117.
13
Let s(a) = -a**2 + a + 26. Let u be s(0). Suppose 0 = -3*t + 4 + u. What is the highest common divisor of t and 70?
10
Let h be ((-15)/5)/((-6)/8). Suppose -3*w = -h*v + 624, -v = v + w - 302. Calculate the highest common factor of 17 and v.
17
Let s = 15 - 0. Calculate the highest common divisor of s and 6.
3
Let j be (-2)/(-2) - -2*8. Let o = 3 + j. Suppose 12 = 3*t + 3*c, -98*c - 16 = -4*t - 97*c. What is the greatest common divisor of t and o?
4
Suppose 5*b - 16 = -1. Calculate the greatest common divisor of 30 and b.
3
Suppose 6*z - 14 = m + 2*z, 20 = -3*m + z. Let b be 2/m - (-74)/6. Suppose 20 + b = 2*j. Calculate the greatest common factor of j and 48.
16
Let z = 5 + -5. Suppose 3 = 3*k - z. Suppose -22 + k = -x. Calculate the highest common divisor of x and 3.
3
Suppose -b + 10 = b. Suppose -5*m + 0*m = -b. Let n(t) = -t + 7. Let f be n(6). What is the greatest common divisor of m and f?
1
Suppose -4*f + 26 = 3*v + 4, -2*f = 4*v - 16. What is the highest common divisor of v and 5?
1
Let n be (-1)/(4 + -5)*5. Let p(t) = -4 + 2*t**2 + t + 0*t - 6*t. Let r be p(n). What is the greatest common factor of r and 7?
7
Suppose 2*a + 2*a - 36 = 0. Let r(i) = 11*i - 7. Suppose -3*f = -7*f + 32. Let s be r(f). What is the highest common divisor of a and s?
9
Let l(m) = 1 - 7*m + 5 - 2. Let c be l(-4). What is the highest common divisor of c and 48?
16
Let f(x) = 4*x**2 - 3*x - 5. Let y be f(-5). Suppose -55 + 15 = -4*i. What is the highest common factor of y and i?
10
Let a = 27 - 9. Calculate the highest common divisor of 162 and a.
18
Suppose -k = -3*h + 5 - 20, 5*h + 20 = 0. Let u(z) = -z**3 + 7*z**2 + 2*z + 33. Let g be u(0). What is the gr